{"id":564,"date":"2024-04-23T21:16:43","date_gmt":"2024-04-24T01:16:43","guid":{"rendered":"https:\/\/ftqconstruction.org\/?post_type=podcast&#038;p=564"},"modified":"2024-05-02T13:31:03","modified_gmt":"2024-05-02T17:31:03","slug":"formation-dans-la-construction","status":"publish","type":"podcast","link":"https:\/\/ftqconstruction.org\/en\/balado\/formation-dans-la-construction\/","title":{"rendered":"Formation dans la construction"},"content":{"rendered":"    <section class=\"wysiwyg section || \">\n        \n<span class=\"absolute top-0 left-0\" ><\/span>        <div class=\"wrapper || max-w-[calc(60rem+theme(space.16))]\">\n            <div class=\"wysiwyg-container \">\n    <p>Cette semaine, on discute de formations professionnelles avec Dave Wilson, agent de promotion Fiers et comp\u00e9tents pour la FTQ-Construction et Benoit Gigu\u00e8re, vice-pr\u00e9sident de la F\u00e9d\u00e9ration Autonome de l\u2019Enseignement (FAE). Nous abordons l\u2019importance et les probl\u00e9matiques de la formation dans la construction. On ne parle pas uniquement de DEP, mais aussi d\u2019activit\u00e9s de perfectionnement dans le domaine.<\/p>\n<p>        <span class=\"yt-consent-block\" data-video-id=\"u6gFko070io\">\n            <span class=\"yt-consent-wall\" role=\"group\" aria-label=\"Consentement requis pour YouTube\">\n                <span class=\"flex gap-4 bg-warning rounded-2xl p-6\">\n                    <span class=\"flex items-center shrink-0 justify-center size-12 rounded-full bg-warning-light [&#038;_svg_path]:fill-warning [&#038;_svg_circle]:fill-warning [&#038;_svg]:size-3\/4\">\n                        <svg xmlns=\"http:\/\/www.w3.org\/2000\/svg\" version=\"1.1\" xmlns:xlink=\"http:\/\/www.w3.org\/1999\/xlink\" width=\"512\" height=\"512\" x=\"0\" y=\"0\" viewBox=\"0 0 512 512\" style=\"enable-background:new 0 0 512 512\" xml:space=\"preserve\" class=\"\"><g><path d=\"M232 312.4c.2 13.1 10.9 23.6 24 23.6s23.8-10.6 24-23.6l8-215.6c.5-8.2-2.5-16.2-8.3-22.4C273.5 67.8 264.9 64 256 64s-17.5 3.8-23.7 10.4c-5.8 6.2-8.8 14.2-8.3 22.4z\" fill=\"#000000\" opacity=\"1\" data-original=\"#000000\" class=\"\"><\/path><circle cx=\"256\" cy=\"416\" r=\"32\" fill=\"#000000\" opacity=\"1\" data-original=\"#000000\" class=\"\"><\/circle><\/g><\/svg>\n\n                    <\/span>\n                    <span class=\"flex flex-col *:text-dark\">\n                        <span class=\"text-h5 font-bold mb-3\">Utilisation des cookies<\/span>\n                        <span class=\"block mb-4\">\n                            La lecture de cette vid\u00e9o est bloqu\u00e9e afin de respecter vos pr\u00e9f\u00e9rences de confidentialit\u00e9. Veuillez accepter les cookies YouTube pour y acc\u00e9der.                        <\/span>\n                        <button type=\"button\" class=\"btn-consent yt-consent-accept w-fit\">\n                            G\u00e9rer les cookies                        <\/button>\n                    <\/span>\n                <\/span>\n                <noscript>\n                    JavaScript est requis pour afficher cette vid\u00e9o.\n                    <a target=\"_blank\" rel=\"noopener\"\n                        href=\"https:\/\/www.youtube.com\/watch?v=u6gFko070io\">\n                        Voir sur YouTube\n                    <\/a>.\n                <\/noscript>\n            <\/span>\n        <\/span>\n<\/p>\n<h2>Abonnez-vous!<\/h2>\n<p>\u00c9couter notre balado<\/p>\n<p><a href=\"https:\/\/www.youtube.com\/@ftq-construction\" target=\"_blank\" rel=\"noopener\">Youtube<\/a><br \/>\n<a href=\"https:\/\/podcasts.apple.com\/us\/podcast\/info-chantier\/id1658625830\" target=\"_blank\" rel=\"noopener\">Apple Podcast\u00a0<\/a><br \/>\n<a href=\"https:\/\/music.amazon.ca\/podcasts\/ec682241-9b25-4338-8b65-154ff8a89513\/info-chantier\" target=\"_blank\" rel=\"noopener\">Amazon Music<\/a><br \/>\n<a href=\"https:\/\/baladoquebec.ca\/info-chantier\" target=\"_blank\" rel=\"noopener\">Balado Qu\u00e9bec<\/a><br \/>\n<a href=\"https:\/\/podcasts.google.com\/feed\/aHR0cHM6Ly9hbmNob3IuZm0vcy9kNDI1MTc1OC9wb2RjYXN0L3Jzcw\" target=\"_blank\" rel=\"noopener\">Google Podcast<\/a><br \/>\n<a href=\"https:\/\/open.spotify.com\/show\/23y39W9Gem7FqmvPd8Gy39?si=1321661cab714cff&amp;nd=1&amp;dlsi=ac99c281c2c946d8\" target=\"_blank\" rel=\"noopener\">Spotify<\/a><\/p>\n<\/div>        <\/div>\n    <\/section>\n\n","protected":false},"excerpt":{"rendered":"<p>Cette semaine, on discute de formations professionnelles avec David Wilson, agent de promotion Fiers &#038; Comp\u00e9tents pour la FTQ-C et Benoit Gigu\u00e8re, vice-pr\u00e9sident de la F\u00e9d\u00e9ration autonome de l\u2019enseignement (FAE).<\/p>\n","protected":false},"featured_media":5170,"template":"","meta":{"_acf_changed":false,"wds_primary_season":0,"footnotes":""},"season":[28],"class_list":["post-564","podcast","type-podcast","status-publish","has-post-thumbnail","hentry","season-saison-1"],"acf":[],"_links":{"self":[{"href":"https:\/\/ftqconstruction.org\/en\/wp-json\/wp\/v2\/podcast\/564","targetHints":{"allow":["GET"]}}],"collection":[{"href":"https:\/\/ftqconstruction.org\/en\/wp-json\/wp\/v2\/podcast"}],"about":[{"href":"https:\/\/ftqconstruction.org\/en\/wp-json\/wp\/v2\/types\/podcast"}],"version-history":[{"count":0,"href":"https:\/\/ftqconstruction.org\/en\/wp-json\/wp\/v2\/podcast\/564\/revisions"}],"wp:featuredmedia":[{"embeddable":true,"href":"https:\/\/ftqconstruction.org\/en\/wp-json\/wp\/v2\/media\/5170"}],"wp:attachment":[{"href":"https:\/\/ftqconstruction.org\/en\/wp-json\/wp\/v2\/media?parent=564"}],"wp:term":[{"taxonomy":"season","embeddable":true,"href":"https:\/\/ftqconstruction.org\/en\/wp-json\/wp\/v2\/season?post=564"}],"curies":[{"name":"wp","href":"https:\/\/api.w.org\/{rel}","templated":true}]}}

<section class="wysiwyg section || ">
        
<span class="absolute top-0 left-0" ></span>        <div class="wrapper || max-w-[calc(60rem+theme(space.16))]">
            <div class="wysiwyg-container ">
    <p>Cette semaine, on discute de formations professionnelles avec Dave Wilson, agent de promotion Fiers et compétents pour la FTQ-Construction et Benoit Giguère, vice-président de la Fédération Autonome de l’Enseignement (FAE). Nous abordons l’importance et les problématiques de la formation dans la construction. On ne parle pas uniquement de DEP, mais aussi d’activités de perfectionnement dans le domaine.</p>
<p>        <span class="yt-consent-block" data-video-id="u6gFko070io">
            <span class="yt-consent-wall" role="group" aria-label="Consentement requis pour YouTube">
                <span class="flex gap-4 bg-warning rounded-2xl p-6">
                    <span class="flex items-center shrink-0 justify-center size-12 rounded-full bg-warning-light [&#038;_svg_path]:fill-warning [&#038;_svg_circle]:fill-warning [&#038;_svg]:size-3/4">
                        <svg xmlns="http://www.w3.org/2000/svg" version="1.1" xmlns:xlink="http://www.w3.org/1999/xlink" width="512" height="512" x="0" y="0" viewBox="0 0 512 512" style="enable-background:new 0 0 512 512" xml:space="preserve" class=""><g><path d="M232 312.4c.2 13.1 10.9 23.6 24 23.6s23.8-10.6 24-23.6l8-215.6c.5-8.2-2.5-16.2-8.3-22.4C273.5 67.8 264.9 64 256 64s-17.5 3.8-23.7 10.4c-5.8 6.2-8.8 14.2-8.3 22.4z" fill="#000000" opacity="1" data-original="#000000" class=""></path><circle cx="256" cy="416" r="32" fill="#000000" opacity="1" data-original="#000000" class=""></circle></g></svg>

                    </span>
                    <span class="flex flex-col *:text-dark">
                        <span class="text-h5 font-bold mb-3">Utilisation des cookies</span>
                        <span class="block mb-4">
                            La lecture de cette vidéo est bloquée afin de respecter vos préférences de confidentialité. Veuillez accepter les cookies YouTube pour y accéder.                        </span>
                        <button type="button" class="btn-consent yt-consent-accept w-fit">
                            Gérer les cookies                        </button>
                    </span>
                </span>
                <noscript>
                    JavaScript est requis pour afficher cette vidéo.
                    <a target="_blank" rel="noopener"
                        href="https://www.youtube.com/watch?v=u6gFko070io">
                        Voir sur YouTube
                    </a>.
                </noscript>
            </span>
        </span>
</p>
<h2>Abonnez-vous!</h2>
<p>Écouter notre balado</p>
<p><a href="https://www.youtube.com/@ftq-construction" target="_blank" rel="noopener">Youtube</a><br />
<a href="https://podcasts.apple.com/us/podcast/info-chantier/id1658625830" target="_blank" rel="noopener">Apple Podcast </a><br />
<a href="https://music.amazon.ca/podcasts/ec682241-9b25-4338-8b65-154ff8a89513/info-chantier" target="_blank" rel="noopener">Amazon Music</a><br />
<a href="https://baladoquebec.ca/info-chantier" target="_blank" rel="noopener">Balado Québec</a><br />
<a href="https://podcasts.google.com/feed/aHR0cHM6Ly9hbmNob3IuZm0vcy9kNDI1MTc1OC9wb2RjYXN0L3Jzcw" target="_blank" rel="noopener">Google Podcast</a><br />
<a href="https://open.spotify.com/show/23y39W9Gem7FqmvPd8Gy39?si=1321661cab714cff&amp;nd=1&amp;dlsi=ac99c281c2c946d8" target="_blank" rel="noopener">Spotify</a></p>
</div>        </div>
    </section>

<p>Cette semaine, on discute de formations professionnelles avec David Wilson, agent de promotion Fiers &#038; Compétents pour la FTQ-C et Benoit Giguère, vice-président de la Fédération autonome de l’enseignement (FAE).</p>
