{"id":562,"date":"2024-04-23T21:14:23","date_gmt":"2024-04-24T01:14:23","guid":{"rendered":"https:\/\/ftqconstruction.org\/?post_type=podcast&#038;p=562"},"modified":"2024-05-02T13:32:05","modified_gmt":"2024-05-02T17:32:05","slug":"chute-en-hauteur","status":"publish","type":"podcast","link":"https:\/\/ftqconstruction.org\/en\/balado\/chute-en-hauteur\/","title":{"rendered":"Chute en hauteur"},"content":{"rendered":"    <section class=\"wysiwyg section || \">\n        \n<span class=\"absolute top-0 left-0\" ><\/span>        <div class=\"wrapper || max-w-[calc(60rem+theme(space.16))]\">\n            <div class=\"wysiwyg-container \">\n    <p>Ann\u00e9e apr\u00e8s ann\u00e9e, les chutes en hauteur sont l\u2019une des principales causes de d\u00e9c\u00e8s dans la construction. Pour la CNESST, les risques de chutes c\u2019est la tol\u00e9rance z\u00e9ro et pourtant, le bilan sur les chantiers ne s\u2019am\u00e9liore pas. Nous discutions de la situation avec Julie Villeneuve, repr\u00e9sentante en sant\u00e9 et s\u00e9curit\u00e9 (RSS) ainsi que Simon L\u00e9vesque, responsable en sant\u00e9 et s\u00e9curit\u00e9 \u00e0 la FTQ-Construction.<\/p>\n<p>        <span class=\"yt-consent-block\" data-video-id=\"RE42JfUq0rQ\">\n            <span class=\"yt-consent-wall\" role=\"group\" aria-label=\"Consentement requis pour YouTube\">\n                <span class=\"flex gap-4 bg-warning rounded-2xl p-6\">\n                    <span class=\"flex items-center shrink-0 justify-center size-12 rounded-full bg-warning-light [&#038;_svg_path]:fill-warning [&#038;_svg_circle]:fill-warning [&#038;_svg]:size-3\/4\">\n                        <svg xmlns=\"http:\/\/www.w3.org\/2000\/svg\" version=\"1.1\" xmlns:xlink=\"http:\/\/www.w3.org\/1999\/xlink\" width=\"512\" height=\"512\" x=\"0\" y=\"0\" viewBox=\"0 0 512 512\" style=\"enable-background:new 0 0 512 512\" xml:space=\"preserve\" class=\"\"><g><path d=\"M232 312.4c.2 13.1 10.9 23.6 24 23.6s23.8-10.6 24-23.6l8-215.6c.5-8.2-2.5-16.2-8.3-22.4C273.5 67.8 264.9 64 256 64s-17.5 3.8-23.7 10.4c-5.8 6.2-8.8 14.2-8.3 22.4z\" fill=\"#000000\" opacity=\"1\" data-original=\"#000000\" class=\"\"><\/path><circle cx=\"256\" cy=\"416\" r=\"32\" fill=\"#000000\" opacity=\"1\" data-original=\"#000000\" class=\"\"><\/circle><\/g><\/svg>\n\n                    <\/span>\n                    <span class=\"flex flex-col *:text-dark\">\n                        <span class=\"text-h5 font-bold mb-3\">Utilisation des cookies<\/span>\n                        <span class=\"block mb-4\">\n                            La lecture de cette vid\u00e9o est bloqu\u00e9e afin de respecter vos pr\u00e9f\u00e9rences de confidentialit\u00e9. Veuillez accepter les cookies YouTube pour y acc\u00e9der.                        <\/span>\n                        <button type=\"button\" class=\"btn-consent yt-consent-accept w-fit\">\n                            G\u00e9rer les cookies                        <\/button>\n                    <\/span>\n                <\/span>\n                <noscript>\n                    JavaScript est requis pour afficher cette vid\u00e9o.\n                    <a target=\"_blank\" rel=\"noopener\"\n                        href=\"https:\/\/www.youtube.com\/watch?v=RE42JfUq0rQ\">\n                        Voir sur YouTube\n                    <\/a>.\n                <\/noscript>\n            <\/span>\n        <\/span>\n<\/p>\n<p><iframe data-src=\"https:\/\/podcasters.spotify.com\/pod\/show\/infochantierftqc\/embed\/episodes\/Chutes-en-hauteur-e20kgsf\/a-a9grsui\" width=\"400px\" height=\"102px\" frameborder=\"0\" scrolling=\"no\" src=\"data:image\/svg+xml;base64,PHN2ZyB3aWR0aD0iMSIgaGVpZ2h0PSIxIiB4bWxucz0iaHR0cDovL3d3dy53My5vcmcvMjAwMC9zdmciPjwvc3ZnPg==\" class=\"lazyload\" data-load-mode=\"1\"><\/iframe><\/p>\n<p>&nbsp;<\/p>\n<h2>Abonnez-vous!<\/h2>\n<p>\u00c9couter notre balado<\/p>\n<p><a href=\"https:\/\/www.youtube.com\/@ftq-construction\" target=\"_blank\" rel=\"noopener\">Youtube<\/a><br \/>\n<a href=\"https:\/\/podcasts.apple.com\/us\/podcast\/info-chantier\/id1658625830\" target=\"_blank\" rel=\"noopener\">Apple Podcast\u00a0<\/a><br \/>\n<a href=\"https:\/\/music.amazon.ca\/podcasts\/ec682241-9b25-4338-8b65-154ff8a89513\/info-chantier\" target=\"_blank\" rel=\"noopener\">Amazon Music<\/a><br \/>\n<a href=\"https:\/\/baladoquebec.ca\/info-chantier\" target=\"_blank\" rel=\"noopener\">Balado Qu\u00e9bec<\/a><br \/>\n<a href=\"https:\/\/podcasts.google.com\/feed\/aHR0cHM6Ly9hbmNob3IuZm0vcy9kNDI1MTc1OC9wb2RjYXN0L3Jzcw\" target=\"_blank\" rel=\"noopener\">Google Podcast<\/a><br \/>\n<a href=\"https:\/\/open.spotify.com\/show\/23y39W9Gem7FqmvPd8Gy39?si=1321661cab714cff&amp;nd=1&amp;dlsi=ac99c281c2c946d8\" target=\"_blank\" rel=\"noopener\">Spotify<\/a><\/p>\n<\/div>        <\/div>\n    <\/section>\n\n","protected":false},"excerpt":{"rendered":"<p>Ann\u00e9e apr\u00e8s ann\u00e9e, les chutes en hauteur sont l\u2019une des principales causes de d\u00e9c\u00e8s dans la construction. Pour la CNESST, les risques de chutes c\u2019est la tol\u00e9rance z\u00e9ro et pourtant le bilan sur les chantiers ne s\u2019am\u00e9liore pas. <\/p>\n","protected":false},"featured_media":5166,"template":"","meta":{"_acf_changed":false,"wds_primary_season":0,"footnotes":""},"season":[28],"class_list":["post-562","podcast","type-podcast","status-publish","has-post-thumbnail","hentry","season-saison-1"],"acf":[],"_links":{"self":[{"href":"https:\/\/ftqconstruction.org\/en\/wp-json\/wp\/v2\/podcast\/562","targetHints":{"allow":["GET"]}}],"collection":[{"href":"https:\/\/ftqconstruction.org\/en\/wp-json\/wp\/v2\/podcast"}],"about":[{"href":"https:\/\/ftqconstruction.org\/en\/wp-json\/wp\/v2\/types\/podcast"}],"version-history":[{"count":0,"href":"https:\/\/ftqconstruction.org\/en\/wp-json\/wp\/v2\/podcast\/562\/revisions"}],"wp:featuredmedia":[{"embeddable":true,"href":"https:\/\/ftqconstruction.org\/en\/wp-json\/wp\/v2\/media\/5166"}],"wp:attachment":[{"href":"https:\/\/ftqconstruction.org\/en\/wp-json\/wp\/v2\/media?parent=562"}],"wp:term":[{"taxonomy":"season","embeddable":true,"href":"https:\/\/ftqconstruction.org\/en\/wp-json\/wp\/v2\/season?post=562"}],"curies":[{"name":"wp","href":"https:\/\/api.w.org\/{rel}","templated":true}]}}

<section class="wysiwyg section || ">
        
<span class="absolute top-0 left-0" ></span>        <div class="wrapper || max-w-[calc(60rem+theme(space.16))]">
            <div class="wysiwyg-container ">
    <p>Année après année, les chutes en hauteur sont l’une des principales causes de décès dans la construction. Pour la CNESST, les risques de chutes c’est la tolérance zéro et pourtant, le bilan sur les chantiers ne s’améliore pas. Nous discutions de la situation avec Julie Villeneuve, représentante en santé et sécurité (RSS) ainsi que Simon Lévesque, responsable en santé et sécurité à la FTQ-Construction.</p>
<p>        <span class="yt-consent-block" data-video-id="RE42JfUq0rQ">
            <span class="yt-consent-wall" role="group" aria-label="Consentement requis pour YouTube">
                <span class="flex gap-4 bg-warning rounded-2xl p-6">
                    <span class="flex items-center shrink-0 justify-center size-12 rounded-full bg-warning-light [&#038;_svg_path]:fill-warning [&#038;_svg_circle]:fill-warning [&#038;_svg]:size-3/4">
                        <svg xmlns="http://www.w3.org/2000/svg" version="1.1" xmlns:xlink="http://www.w3.org/1999/xlink" width="512" height="512" x="0" y="0" viewBox="0 0 512 512" style="enable-background:new 0 0 512 512" xml:space="preserve" class=""><g><path d="M232 312.4c.2 13.1 10.9 23.6 24 23.6s23.8-10.6 24-23.6l8-215.6c.5-8.2-2.5-16.2-8.3-22.4C273.5 67.8 264.9 64 256 64s-17.5 3.8-23.7 10.4c-5.8 6.2-8.8 14.2-8.3 22.4z" fill="#000000" opacity="1" data-original="#000000" class=""></path><circle cx="256" cy="416" r="32" fill="#000000" opacity="1" data-original="#000000" class=""></circle></g></svg>

                    </span>
                    <span class="flex flex-col *:text-dark">
                        <span class="text-h5 font-bold mb-3">Utilisation des cookies</span>
                        <span class="block mb-4">
                            La lecture de cette vidéo est bloquée afin de respecter vos préférences de confidentialité. Veuillez accepter les cookies YouTube pour y accéder.                        </span>
                        <button type="button" class="btn-consent yt-consent-accept w-fit">
                            Gérer les cookies                        </button>
                    </span>
                </span>
                <noscript>
                    JavaScript est requis pour afficher cette vidéo.
                    <a target="_blank" rel="noopener"
                        href="https://www.youtube.com/watch?v=RE42JfUq0rQ">
                        Voir sur YouTube
                    </a>.
                </noscript>
            </span>
        </span>
</p>
<p><iframe data-src="https://podcasters.spotify.com/pod/show/infochantierftqc/embed/episodes/Chutes-en-hauteur-e20kgsf/a-a9grsui" width="400px" height="102px" frameborder="0" scrolling="no" src="data:image/svg+xml;base64,PHN2ZyB3aWR0aD0iMSIgaGVpZ2h0PSIxIiB4bWxucz0iaHR0cDovL3d3dy53My5vcmcvMjAwMC9zdmciPjwvc3ZnPg==" class="lazyload" data-load-mode="1"></iframe></p>
<p>&nbsp;</p>
<h2>Abonnez-vous!</h2>
<p>Écouter notre balado</p>
<p><a href="https://www.youtube.com/@ftq-construction" target="_blank" rel="noopener">Youtube</a><br />
<a href="https://podcasts.apple.com/us/podcast/info-chantier/id1658625830" target="_blank" rel="noopener">Apple Podcast </a><br />
<a href="https://music.amazon.ca/podcasts/ec682241-9b25-4338-8b65-154ff8a89513/info-chantier" target="_blank" rel="noopener">Amazon Music</a><br />
<a href="https://baladoquebec.ca/info-chantier" target="_blank" rel="noopener">Balado Québec</a><br />
<a href="https://podcasts.google.com/feed/aHR0cHM6Ly9hbmNob3IuZm0vcy9kNDI1MTc1OC9wb2RjYXN0L3Jzcw" target="_blank" rel="noopener">Google Podcast</a><br />
<a href="https://open.spotify.com/show/23y39W9Gem7FqmvPd8Gy39?si=1321661cab714cff&amp;nd=1&amp;dlsi=ac99c281c2c946d8" target="_blank" rel="noopener">Spotify</a></p>
</div>        </div>
    </section>

<p>Année après année, les chutes en hauteur sont l’une des principales causes de décès dans la construction. Pour la CNESST, les risques de chutes c’est la tolérance zéro et pourtant le bilan sur les chantiers ne s’améliore pas. </p>
